{"id":261,"date":"2024-09-26T08:45:25","date_gmt":"2024-09-26T08:45:25","guid":{"rendered":"http:\/\/ferosfurniture.com\/de\/assortiment\/pedro-bartisch-wenge-schwarz-ceramic\/"},"modified":"2025-09-10T17:24:41","modified_gmt":"2025-09-10T17:24:41","slug":"pedro-bartisch-wenge-schwarz-ceramic","status":"publish","type":"assortimenten","link":"https:\/\/ferosfurniture.com\/de\/assortiment\/pedro-bartisch-wenge-schwarz-ceramic\/","title":{"rendered":"Pedro Bartisch \u2013 Wenge-Schwarz Ceramic"},"content":{"rendered":"<p>Der Pedro\u00a0Bartisch ist die beste Wahl f\u00fcr Hotels und Gastst\u00e4tten, die ihren G\u00e4sten ein warmes und einladendes Ambiente bieten m\u00f6chten. Aus Aluminium gefertigt, mit elegantem Design und Bambus-Look-Lackierung ist dieser Tisch stilistisch formsch\u00f6n und zugleich langlebig.<\/p>\n","protected":false},"featured_media":991,"template":"","meta":{"_acf_changed":false,"_seopress_robots_primary_cat":"","_seopress_titles_title":"","_seopress_titles_desc":"","_seopress_robots_index":"","_relevanssi_hide_post":"","_relevanssi_hide_content":"","_relevanssi_pin_for_all":"","_relevanssi_pin_keywords":"","_relevanssi_unpin_keywords":"","_relevanssi_related_keywords":"","_relevanssi_related_include_ids":"","_relevanssi_related_exclude_ids":"","_relevanssi_related_no_append":"","_relevanssi_related_not_related":"","_relevanssi_related_posts":"","_relevanssi_noindex_reason":""},"product_tags":[],"class_list":["post-261","assortimenten","type-assortimenten","status-publish","has-post-thumbnail","hentry","assortiment_set-tische","assortiment_set-gastronomie-tische"],"acf":[],"_links":{"self":[{"href":"https:\/\/ferosfurniture.com\/de\/wp-json\/wp\/v2\/assortimenten\/261","targetHints":{"allow":["GET"]}}],"collection":[{"href":"https:\/\/ferosfurniture.com\/de\/wp-json\/wp\/v2\/assortimenten"}],"about":[{"href":"https:\/\/ferosfurniture.com\/de\/wp-json\/wp\/v2\/types\/assortimenten"}],"wp:featuredmedia":[{"embeddable":true,"href":"https:\/\/ferosfurniture.com\/de\/wp-json\/wp\/v2\/media\/991"}],"wp:attachment":[{"href":"https:\/\/ferosfurniture.com\/de\/wp-json\/wp\/v2\/media?parent=261"}],"wp:term":[{"taxonomy":"product_tags","embeddable":true,"href":"https:\/\/ferosfurniture.com\/de\/wp-json\/wp\/v2\/product_tags?post=261"}],"curies":[{"name":"wp","href":"https:\/\/api.w.org\/{rel}","templated":true}]}}

<p>Der Pedro Bartisch ist die beste Wahl für Hotels und Gaststätten, die ihren Gästen ein warmes und einladendes Ambiente bieten möchten. Aus Aluminium gefertigt, mit elegantem Design und Bambus-Look-Lackierung ist dieser Tisch stilistisch formschön und zugleich langlebig.</p>
