{"id":301,"date":"2024-09-26T08:49:01","date_gmt":"2024-09-26T08:49:01","guid":{"rendered":"http:\/\/ferosfurniture.com\/de\/assortiment\/transportwagen-fuer-stehtisch-klein\/"},"modified":"2025-09-10T17:24:56","modified_gmt":"2025-09-10T17:24:56","slug":"transportwagen-fuer-stehtisch-klein","status":"publish","type":"assortimenten","link":"https:\/\/ferosfurniture.com\/de\/assortiment\/transportwagen-fuer-stehtisch-klein\/","title":{"rendered":"Transportwagen f\u00fcr Stehtisch klein"},"content":{"rendered":"<p>Dieser Trolley ist ein Transportwagen speziell f\u00fcr den Transport von Partytischen. Dieser Trolley erm\u00f6glicht den Transport und\/oder die Lagerung mehrerer Stehtische auf einmal. Die Abmessungen sind auf eine T\u00fcr\u00f6ffnung abgestimmt, sodass der Transport des gef\u00fcllten Transportwagens im Innen- und Au\u00dfenbereich problemlos m\u00f6glich ist. Je nach Modell des Stehtisches passen mehrere Tische auf einen Wagen.<\/p>\n","protected":false},"featured_media":1045,"template":"","meta":{"_acf_changed":false,"_seopress_robots_primary_cat":"","_seopress_titles_title":"","_seopress_titles_desc":"","_seopress_robots_index":"","_relevanssi_hide_post":"","_relevanssi_hide_content":"","_relevanssi_pin_for_all":"","_relevanssi_pin_keywords":"","_relevanssi_unpin_keywords":"","_relevanssi_related_keywords":"","_relevanssi_related_include_ids":"","_relevanssi_related_exclude_ids":"","_relevanssi_related_no_append":"","_relevanssi_related_not_related":"","_relevanssi_related_posts":"","_relevanssi_noindex_reason":""},"product_tags":[],"class_list":["post-301","assortimenten","type-assortimenten","status-publish","has-post-thumbnail","hentry","assortiment_set-transportwagen","assortiment_set-klappbare-stehtische-transportwagen"],"acf":[],"_links":{"self":[{"href":"https:\/\/ferosfurniture.com\/de\/wp-json\/wp\/v2\/assortimenten\/301","targetHints":{"allow":["GET"]}}],"collection":[{"href":"https:\/\/ferosfurniture.com\/de\/wp-json\/wp\/v2\/assortimenten"}],"about":[{"href":"https:\/\/ferosfurniture.com\/de\/wp-json\/wp\/v2\/types\/assortimenten"}],"wp:featuredmedia":[{"embeddable":true,"href":"https:\/\/ferosfurniture.com\/de\/wp-json\/wp\/v2\/media\/1045"}],"wp:attachment":[{"href":"https:\/\/ferosfurniture.com\/de\/wp-json\/wp\/v2\/media?parent=301"}],"wp:term":[{"taxonomy":"product_tags","embeddable":true,"href":"https:\/\/ferosfurniture.com\/de\/wp-json\/wp\/v2\/product_tags?post=301"}],"curies":[{"name":"wp","href":"https:\/\/api.w.org\/{rel}","templated":true}]}}

Transportwagen für Stehtisch klein

<p>Dieser Trolley ist ein Transportwagen speziell für den Transport von Partytischen. Dieser Trolley ermöglicht den Transport und/oder die Lagerung mehrerer Stehtische auf einmal. Die Abmessungen sind auf eine Türöffnung abgestimmt, sodass der Transport des gefüllten Transportwagens im Innen- und Außenbereich problemlos möglich ist. Je nach Modell des Stehtisches passen mehrere Tische auf einen Wagen.</p>
